 a factor of 339944?
True
Is 653 a factor of 8539281?
True
Does 131 divide 9538868?
False
Does 118 divide 67142?
True
Does 325 divide 3980540?
False
Is 527 a factor of 373643?
True
Is 210796 a multiple of 302?
True
Does 72 divide 79128?
True
Is 850 a factor of 807798?
False
Is 1199577 a multiple of 59?
False
Does 218 divide 7942785?
False
Is 1014384 a multiple of 24?
True
Does 192 divide 547200?
True
Is 2234771 a multiple of 77?
True
Does 18 divide 136584?
True
Is 6490462 a multiple of 8?
False
Is 1049 a factor of 7045219?
False
Is 14 a factor of 10318655?
False
Does 293 divide 172870?
True
Is 19 a factor of 868514?
False
Is 48 a factor of 9299973?
False
Is 172918 a multiple of 31?
True
Is 12 a factor of 653211?
False
Does 12 divide 20006?
False
Does 83 divide 1886931?
False
Is 56425 a multiple of 25?
True
Is 487101 a multiple of 17?
True
Is 363972 a multiple of 12?
True
Does 64 divide 80530?
False
Is 40 a factor of 3401200?
True
Does 56 divide 183664?
False
Does 5 divide 21164?
False
Is 416484 a multiple of 239?
False
Is 70376 a multiple of 49?
False
Does 57 divide 29209?
False
Does 3 divide 323810?
False
Is 391 a factor of 8084065?
False
Is 1274922 a multiple of 94?
True
Is 39161 a multiple of 16?
False
Is 482259 a multiple of 127?
False
Is 213 a factor of 26009?
False
Is 263704 a multiple of 34?
True
Is 5201638 a multiple of 308?
False
Is 52690 a multiple of 40?
False
Does 42 divide 199500?
True
Is 212735 a multiple of 24?
False
Is 4517 a multiple of 17?
False
Is 64 a factor of 74724?
False
Is 340 a factor of 4106812?
False
Does 134 divide 3030972?
False
Is 363 a factor of 172062?
True
Is 121324 a multiple of 54?
False
Is 34983 a multiple of 117?
True
Is 3029833 a multiple of 547?
True
Is 152745 a multiple of 11?
False
Is 525 a factor of 643563?
False
Does 11 divide 10935360?
False
Is 115 a factor of 6515325?
True
Does 9 divide 499318?
False
Is 68 a factor of 1511721?
False
Does 13 divide 15093572?
True
Does 85 divide 69955?
True
Is 4637152 a multiple of 208?
True
Is 5141197 a multiple of 14?
False
Is 13 a factor of 101803?
True
Is 346108 a multiple of 526?
True
Is 628 a factor of 2831344?
False
Is 15 a factor of 6459936?
False
Is 2191794 a multiple of 104?
False
Does 7 divide 2373?
True
Is 2988854 a multiple of 1133?
True
Is 697 a factor of 232101?
True
Is 267 a factor of 6428037?
False
Does 10 divide 75907?
False
Does 330 divide 1861072?
False
Is 3951097 a multiple of 9?
False
Is 8 a factor of 46572?
False
Is 1766 a factor of 7216641?
False
Does 7 divide 736820?
True
Does 134 divide 492450?
True
Is 9 a factor of 605280?
False
Is 2768 a factor of 20092514?
False
Is 16 a factor of 101826?
False
Does 12 divide 40391?
False
Is 867496 a multiple of 125?
False
Is 16372520 a multiple of 1528?
True
Is 13752190 a multiple of 121?
False
Is 3076371 a multiple of 398?
False
Is 3691566 a multiple of 201?
True
Is 1230236 a multiple of 4?
True
Is 11 a factor of 3811258?
True
Does 1088 divide 3102123?
False
Is 6 a factor of 13974?
True
Is 410033 a multiple of 67?
False
Does 275 divide 5568200?
True
Is 7710208 a multiple of 2975?
False
Is 56069 a multiple of 14?
False
Is 565 a factor of 908424?
False
Does 964 divide 8601772?
True
Does 13 divide 3904784?
True
Does 46 divide 305072?
True
Is 69993 a multiple of 14?
False
Does 294 divide 4211319?
False
Does 11 divide 31337?
False
Is 65570 a multiple of 5?
True
Does 11 divide 1749756?
False
Is 296896 a multiple of 16?
True
Is 1571 a factor of 136793?
False
Is 7254830 a multiple of 110?
True
Is 275 a factor of 50050?
True
Is 7794850 a multiple of 50?
True
Is 11 a factor of 257301?
True
Is 738 a factor of 981233?
False
Is 443907 a multiple of 4?
False
Is 861140 a multiple of 427?
False
Is 207 a factor of 403903?
False
Is 95 a factor of 478216?
False
Is 6 a factor of 296065?
False
Does 4 divide 58823?
False
Does 127 divide 276479?
True
Is 87 a factor of 349699?
False
Does 56 divide 1778303?
False
Is 51 a factor of 17646?
True
Is 527 a factor of 932856?
False
Is 110796 a multiple of 12?
True
Does 10 divide 210090?
True
Is 78829 a multiple of 4?
False
Is 534928 a multiple of 268?
True
Is 28 a factor of 471912?
True
Is 26 a factor of 1029667?
False
Is 34 a factor of 1439810?
False
Does 9 divide 1350657?
True
Is 69339 a multiple of 2?
False
Is 5 a factor of 1185215?
True
Is 3 a factor of 24451?
False
Is 21693 a multiple of 2?
False
Is 17 a factor of 209627?
True
Is 3 a factor of 11320?
False
Is 105 a factor of 1156680?
True
Is 25174995 a multiple of 645?
True
Does 10 divide 16960?
True
Is 21 a factor of 5206572?
True
Is 145 a factor of 110203?
False
Is 10684911 a multiple of 997?
False
Does 1145 divide 683565?
True
Is 5097285 a multiple of 356?
False
Is 2 a factor of 16061?
False
Is 7575 a multiple of 5?
True
Is 10 a factor of 187600?
True
Is 475 a factor of 2164575?
True
Does 95 divide 83775?
False
Is 61 a factor of 407296?
False
Does 271 divide 619371?
False
Is 599602 a multiple of 56?
False
Is 9 a factor of 257728?
False
Does 69 divide 51267?
True
Is 2081136 a multiple of 26?
False
Is 355 a factor of 325629?
False
Does 398 divide 647441?
False
Does 41 divide 6540805?
False
Is 814842 a multiple of 203?
True
Is 8 a factor of 14936?
True
Is 26 a factor of 7293?
False
Is 1286256 a multiple of 254?
True
Does 951 divide 2078886?
True
Does 67 divide 776822?
False
Is 2413182 a multiple of 22?
False
Is 1376844 a multiple of 37?
True
Is 135065 a multiple of 33?
False
Is 102684 a multiple of 86?
True
Does 16 divide 3965906?
False
Is 10 a factor of 1336154?
False
Is 1727271 a multiple of 63?
True
Is 739850 a multiple of 189?
False
Is 71 a factor of 30584?
False
Is 16 a factor of 2340370?
False
Is 24 a factor of 270103?
False
Is 15580 a multiple of 95?
True
Is 9982 a multiple of 62?
True
Does 98 divide 370832?
True
Does 9 divide 303539?
False
Does 20 divide 22223?
False
Does 10 divide 2352015?
False
Is 4600856 a multiple of 332?
True
Is 195200 a multiple of 80?
True
Is 4191628 a multiple of 532?
True
Does 113 divide 1770823?
True
Is 18 a factor of 61771?
False
Is 7 a factor of 71176?
True
Does 20 divide 1280880?
True
Is 236095 a multiple of 23?
True
Is 212 a factor of 842064?
True
Is 426465 a multiple of 60?
False
Does 347 divide 59469?
False
Does 27 divide 89586?
True
Is 160836 a multiple of 26?
True
Is 556 a factor of 9562397?
False
Is 5 a factor of 5415?
True
Does 35 divide 443856?
False
Is 286 a factor of 2620618?
True
Does 2 divide 121624?
True
Does 107 divide 129302?
False
Is 234 a factor of 3801564?
True
Is 3294060 a multiple of 385?
True
Does 9 divide 832500?
True
Is 17 a factor of 183124?
True
Is 30 a factor of 1904730?
True
Is 9753675 a multiple of 141?
True
Is 20 a factor of 256907?
False
Is 1916424 a multiple of 8?
True
Is 6 a factor of 25343?
False
Does 3 divide 9798?
True
Does 224 divide 339360?
True
Is 212 a factor of 1065936?
True
Is 5 a factor of 4342097?
False
Does 8 divide 8025?
False
Is 32094 even?
True
Does 179 divide 3021162?
True
Is 384 a factor of 15381744?
False
Does 35 divide 12606358?
False
Does 3 divide 31422?
True
Is 4521408 a multiple of 32?
True
Does 6 divide 125658?
True
Is 770848 a multiple of 13?
True
Is 116 a factor of 179568?
True
Does 41 divide 297455?
True
Is 85 a factor of 146536?
False
Does 328 divide 53136?
True
Is 293679 a multiple of 327?
False
Is 235779 a multiple of 19?
False
Is 16 a factor of 2917843?
False
Is 418805 a multiple of 33?
False
Is 7907 a multiple of 13?
False
Is 398 a factor of 434070?
False
Is 17 a factor of 961452?
True
Is 95 a factor of 1272231?
False
Does 51 divide 209865?
True
Is 1966488 a multiple of 1245?
False
Does 13 divide 1553274?
False
Is 715392 a multiple of 36?
True
Does 31 divide 60854?
False
Is 13 a factor of 16510026?
True
Is 7 a factor of 383835?
False
Is 10834 a multiple of 4?
False
Is 10071967 a multiple of 59?
False
Is 177 a factor of 2934710?
False
Does 29 divide 52229?
True
Does 22 divide 1232532?
False
Is 265 a factor of 110240?
True
Is 23376 a multiple of 6?
True
Is 23253 a multiple of 23?
True
Is 24 a factor of 1797403?
False
Is 16275857 a multiple of 13?
True
Is 39880 a multiple of 15?
False
Does 25 divide 14560100?
True
Is 3605 a multiple of 54?
False
Is 288 a factor of 261792?
True
Is 90 a factor of 417600?
True
Is 74 a factor of 13154